{"id":13,"date":"2017-04-14T09:19:59","date_gmt":"2017-04-14T09:19:59","guid":{"rendered":"http:\/\/sweatandsmile.com\/?page_id=13"},"modified":"2017-04-14T12:09:44","modified_gmt":"2017-04-14T12:09:44","slug":"angebot-und-services","status":"publish","type":"page","link":"https:\/\/sweatandsmile.com\/?page_id=13","title":{"rendered":"Angebot und Services"},"content":{"rendered":"<p>Am Anfang eines jeden Auftrages steht die Besichtigung des Umzugs- oder Transportgutes in der \u00f6rtlichen Gegebenheit. Diese dient dazu, ein verbindliches Angebot zu erstellen.<\/p>\n<p>Darin finden Sie alle Kosten in Einzelpositionen aufgeschl\u00fcsselt. Transparent und \u00fcbersichtlich.<\/p>\n<p>&nbsp;<\/p>\n<p>Der Mitarbeiter, der die Besichtigung durchf\u00fchrt, wird Sie auch vor, w\u00e4hrend und nach dem Umzug \/ Transport betreuen.<\/p>\n<p>Die Besichtigung ist kostenfrei und unverbindlich.<\/p>\n<p>&nbsp;<\/p>\n<p>Verpackungsmaterial liefern und holen wir frei Haus.<\/p>\n","protected":false},"excerpt":{"rendered":"<p>Am Anfang eines jeden Auftrages steht die Besichtigung des Umzugs- oder Transportgutes in der \u00f6rtlichen Gegebenheit. Diese dient dazu, ein verbindliches Angebot zu erstellen. Darin finden Sie alle Kosten in Einzelpositionen aufgeschl\u00fcsselt. Transparent und \u00fcbersichtlich. &nbsp; Der Mitarbeiter, der die Besichtigung durchf\u00fchrt, wird Sie auch vor, w\u00e4hrend und nach dem Umzug \/ Transport betreuen. Die &hellip; <\/p>\n<p class=\"link-more\"><a href=\"https:\/\/sweatandsmile.com\/?page_id=13\" class=\"more-link\"><span class=\"screen-reader-text\">\u201eAngebot und Services\u201c<\/span> weiterlesen<\/a><\/p>\n","protected":false},"author":1,"featured_media":0,"parent":0,"menu_order":0,"comment_status":"closed","ping_status":"closed","template":"","meta":[],"_links":{"self":[{"href":"https:\/\/sweatandsmile.com\/index.php?rest_route=\/wp\/v2\/pages\/13"}],"collection":[{"href":"https:\/\/sweatandsmile.com\/index.php?rest_route=\/wp\/v2\/pages"}],"about":[{"href":"https:\/\/sweatandsmile.com\/index.php?rest_route=\/wp\/v2\/types\/page"}],"author":[{"embeddable":true,"href":"https:\/\/sweatandsmile.com\/index.php?rest_route=\/wp\/v2\/users\/1"}],"replies":[{"embeddable":true,"href":"https:\/\/sweatandsmile.com\/index.php?rest_route=%2Fwp%2Fv2%2Fcomments&post=13"}],"version-history":[{"count":3,"href":"https:\/\/sweatandsmile.com\/index.php?rest_route=\/wp\/v2\/pages\/13\/revisions"}],"predecessor-version":[{"id":91,"href":"https:\/\/sweatandsmile.com\/index.php?rest_route=\/wp\/v2\/pages\/13\/revisions\/91"}],"wp:attachment":[{"href":"https:\/\/sweatandsmile.com\/index.php?rest_route=%2Fwp%2Fv2%2Fmedia&parent=13"}],"curies":[{"name":"wp","href":"https:\/\/api.w.org\/{rel}","templated":true}]}}